ided by 7?
6
What is the remainder when 2636 is divided by 33?
29
What is the remainder when 88 is divided by 18?
16
What is the remainder when 2139 is divided by 34?
31
Calculate the remainder when 292 is divided by 21.
19
What is the remainder when 252 is divided by 11?
10
Calculate the remainder when 309 is divided by 101.
6
Calculate the remainder when 1259 is divided by 213.
194
Calculate the remainder when 2435 is divided by 6.
5
Calculate the remainder when 1509 is divided by 84.
81
What is the remainder when 150 is divided by 68?
14
Calculate the remainder when 1904 is divided by 191.
185
Calculate the remainder when 121 is divided by 63.
58
What is the remainder when 150 is divided by 19?
17
What is the remainder when 1336 is divided by 375?
211
Calculate the remainder when 1068 is divided by 169.
54
What is the remainder when 625 is divided by 70?
65
What is the remainder when 135 is divided by 28?
23
What is the remainder when 361 is divided by 97?
70
Calculate the remainder when 109 is divided by 16.
13
Calculate the remainder when 3826 is divided by 33.
31
What is the remainder when 44 is divided by 29?
15
What is the remainder when 542 is divided by 72?
38
What is the remainder when 129 is divided by 11?
8
Calculate the remainder when 98 is divided by 25.
23
Calculate the remainder when 744 is divided by 14.
2
What is the remainder when 468 is divided by 95?
88
What is the remainder when 3275 is divided by 39?
38
What is the remainder when 92 is divided by 41?
10
What is the remainder when 71 is divided by 31?
9
Calculate the remainder when 201 is divided by 68.
65
What is the remainder when 36 is divided by 15?
6
Calculate the remainder when 615 is divided by 37.
23
What is the remainder when 240 is divided by 183?
57
What is the remainder when 87 is divided by 35?
17
Calculate the remainder when 467 is divided by 10.
7
What is the remainder when 104 is divided by 17?
2
Calculate the remainder when 233 is divided by 105.
23
Calculate the remainder when 24 is divided by 7.
3
Calculate the remainder when 1087 is divided by 34.
33
What is the remainder when 481 is divided by 18?
13
Calculate the remainder when 66 is divided by 12.
6
Calculate the remainder when 456 is divided by 215.
26
What is the remainder when 17 is divided by 4?
1
Calculate the remainder when 327 is divided by 304.
23
What is the remainder when 218 is divided by 17?
14
Calculate the remainder when 99 is divided by 10.
9
What is the remainder when 3118 is divided by 54?
40
Calculate the remainder when 251 is divided by 9.
8
What is the remainder when 960 is divided by 102?
42
What is the remainder when 67 is divided by 7?
4
Calculate the remainder when 1980 is divided by 656.
12
Calculate the remainder when 191 is divided by 55.
26
Calculate the remainder when 1482 is divided by 122.
18
Calculate the remainder when 1354 is divided by 1338.
16
Calculate the remainder when 86 is divided by 41.
4
What is the remainder when 325 is divided by 1?
0
Calculate the remainder when 335 is divided by 42.
41
Calculate the remainder when 364 is divided by 46.
42
What is the remainder when 123 is divided by 34?
21
Calculate the remainder when 44 is divided by 15.
14
Calculate the remainder when 229 is divided by 110.
9
Calculate the remainder when 224 is divided by 79.
66
Calculate the remainder when 1317 is divided by 33.
30
Calculate the remainder when 2830 is divided by 35.
30
What is the remainder when 160 is divided by 21?
13
What is the remainder when 634 is divided by 156?
10
Calculate the remainder when 302 is divided by 15.
2
Calculate the remainder when 185 is divided by 43.
13
Calculate the remainder when 419 is divided by 141.
137
Calculate the remainder when 62 is divided by 15.
2
What is the remainder when 61 is divided by 18?
7
Calculate the remainder when 101 is divided by 15.
11
Calculate the remainder when 22036 is divided by 76.
72
What is the remainder when 12889 is divided by 22?
19
Calculate the remainder when 672 is divided by 61.
1
Calculate the remainder when 143 is divided by 44.
11
What is the remainder when 499 is divided by 28?
23
What is the remainder when 117 is divided by 22?
7
What is the remainder when 313 is divided by 60?
13
Calculate the remainder when 1112 is divided by 186.
182
Calculate the remainder when 5181 is divided by 81.
78
Calculate the remainder when 356 is divided by 334.
22
What is the remainder when 16 is divided by 8?
0
Calculate the remainder when 77 is divided by 25.
2
Calculate the remainder when 371 is divided by 129.
113
What is the remainder when 590 is divided by 119?
114
What is the remainder when 280 is divided by 77?
49
What is the remainder when 331 is divided by 24?
19
Calculate the remainder when 688 is divided by 63.
58
Calculate the remainder when 83 is divided by 23.
14
Calculate the remainder when 1056 is divided by 82.
72
Calculate the remainder when 910 is divided by 69.
13
Calculate the remainder when 1533 is divided by 128.
125
Calculate the remainder when 59 is divided by 14.
3
Calculate the remainder when 32479 is divided by 149.
146
Calculate the remainder when 23 is divided by 19.
4
Calculate the remainder when 179 is divided by 3.
2
What is the remainder when 1564 is divided by 35?
24
What is the remainder when 2017 is divided by 74?
19
Calculate the remainder when 157 is divided by 29.
12
Calculate the remainder when 120 is divided by 39.
3
What is the remainder when 993 is divided by 169?
148
Calculate the remainder when 6996 is divided by 50.
46
What is the remainder when 62 is divided by 24?
14
What is the remainder when 2335 is divided by 11?
3
Calculate the remainder when 34 is divided by 4.
2
Calculate the remainder when 299 is divided by 2.
1
Calculate the remainder when 1097 is divided by 483.
131
What is the remainder when 14997 is divided by 366?
357
What is the remainder when 283 is divided by 72?
67
What is the remainder when 1055 is divided by 462?
131
What is the remainder when 117 is divided by 15?
12
Calculate the remainder when 3096 is divided by 173.
155
What is the remainder when 1162 is divided by 30?
22
Calculate the remainder when 52 is divided by 27.
25
What is the remainder when 70 is divided by 18?
16
Calculate the remainder when 1174 is divided by 24.
22
What is the remainder when 573 is divided by 71?
5
Calculate the remainder when 1002 is divided by 979.
23
What is the remainder when 2101 is divided by 430?
381
Calculate the remainder when 2493 is divided by 64.
61
Calculate the remainder when 852 is divided by 15.
12
What is the remainder when 1901 is divided by 112?
109
Calculate the remainder when 498 is divided by 111.
54
What is the remainder when 456 is divided by 231?
225
Calculate the remainder when 1358 is divided by 136.
134
Calculate the remainder when 1689 is divided by 560.
9
Calculate the remainder when 421 is divided by 10.
1
Calculate the remainder when 215 is divided by 37.
30
What is the remainder when 54 is divided by 23?
8
Calculate the remainder when 424 is divided by 54.
46
What is the remainder when 195 is divided by 6?
3
Calculate the remainder when 403 is divided by 42.
25
Calculate the remainder when 3558 is divided by 5.
3
What is the remainder when 244 is divided by 24?
4
Calculate the remainder when 454 is divided by 140.
34
What is the remainder when 366 is divided by 37?
33
What is the remainder when 52 is divided by 29?
23
Calculate the remainder when 148 is divided by 31.
24
Calculate the remainder when 451 is divided by 21.
10
Calculate the remainder when 55 is divided by 21.
13
What is the remainder when 1305 is divided by 109?
106
What is the remainder when 59 is divided by 23?
13
What is the remainder when 1035 is divided by 209?
199
Calculate the remainder when 223 is divided by 39.
28
Calculate the remainder when 3070 is divided by 5.
0
Calculate the remainder when 125 is divided by 31.
1
Calculate the remainder when 5 is divided by 1.
0
Calculate the remainder when 109 is divided by 5.
4
What is the remainder when 1870 is divided by 31?
10
What is the remainder when 63 is divided by 22?
19
Calculate the remainder when 5668 is divided by 54.
52
What is the remainder when 483 is divided by 3?
0
Calculate the remainder when 277 i